 Let i(c) = -c**2 - 9*c + 18. Give i(d).
8
Let b(c) = c**3 - 4*c**2 - 6*c + 29. Suppose 491*j = 430*j + 183. Calculate b(j).
2
Let d(q) = 12*q - 19. Let u be d(2). Let r(m) = 2 + 2*m - 3*m - u + 10. Calculate r(-6).
13
Let z = 3222 + -3225. Let b(x) = -7*x**2 + 2. Determine b(z).
-61
Let c = -3 - -8. Let t be 1*(-3 - -1 - c)/(-1). Let d(f) = 4*f + 12*f - t*f. What is d(1)?
9
Suppose -4*d + 31 = 5*b, b = 2*d + d - 9. Let g(s) = -3 + 125*s**2 - 57*s**2 + 1 - 67*s**2 - 2. Give g(d).
12
Let f(n) = -n**2 + 5*n + 7. Suppose 6 = 27*i - 30*i. Let v be i - (0 + 2 - 0). Let u be 135/21 + v/(-7). Calculate f(u).
-7
Let d(h) be the first derivative of -h**5/60 + h**4/8 - 7*h**3/6 + 241*h**2/2 - 210. Let o(x) be the second derivative of d(x). Give o(3).
-7
Let i(s) be the third derivative of s**6/120 - 11*s**5/30 + 4*s**3/3 + 29*s**2 + 7*s + 1. What is i(22)?
8
Let i(r) = 3*r**2 - 5*r - 2. Let m(t) = 4*t + 2. Let b(z) = i(z) + 2*m(z). Determine b(-1).
2
Let w(q) be the second derivative of -q**5/20 + q**4/4 + 2*q**3/3 - q**2/2 - 2*q - 29. Suppose 18 = r - 5*u, 5*r - 2*u - 21 = -0*u. Calculate w(r).
11
Let i(n) = -4*n - 1. Let y(o) = -69*o - 17. Let d(l) = 12*i(l) - y(l). Calculate d(6).
131
Let m be 1/(3/6) - 18/(-18). Let y(l) = l**2 + 5*l - 4. Determine y(m).
20
Let i(p) = -2*p**3 - 4*p + 1. Let b(j) = -13*j**3 - 25*j**2 + 9*j + 40. Let g(z) = -b(z) + 6*i(z). Determine g(-26).
148
Let u(p) be the second derivative of 8*p - 1/2*p**2 + 1/3*p**3 + 2/3*p**4 - 1/20*p**5 + 0. What is u(8)?
15
Let v(a) = a + a**2 + 2*a - 2*a. Let j = 46 - 33. Suppose -3*g - j + 4 = 0. What is v(g)?
6
Let y(c) = -c**3 + 14*c**2 - 12*c - 31. Suppose 7*o = 2*o + 15, 4*n + o - 55 = 0. Determine y(n).
-18
Let w(r) = -188*r - 2631. Let g be w(-14). Let d(q) = 48*q**2 - q. Determine d(g).
47
Let r = 286 + -274. Let k(j) = j**3 - 24 - r + 5*j**2 - 2*j + 30. Let x(f) = f**2 - 7*f + 1. Let i be x(6). Determine k(i).
4
Let f(v) = v**2 + 7*v + 5. Let a be f(-7). Suppose 4 = -n + a*n. Let j(g) = -3*g - g + n + 3*g - 6*g. What is j(2)?
-13
Let w(y) = -y**2 + 5*y + 10. Let f = 71 + -34. Suppose -13*z + 144 = 534. Let n = f + z. Determine w(n).
-4
Let c(t) = -9*t**3 - 19*t**2 - 67*t - 24. Let d(j) = -5*j**3 - 9*j**2 - 35*j - 14. Let n(z) = 4*c(z) - 7*d(z). Give n(-11).
13
Let y(s) = s**2 + 4*s + 4. Let j(x) = -13*x + 368. Let m be j(28). Suppose 0 = -5*c + f - 29, 0 = m*c - 8*f + 4*f + 20. Determine y(c).
16
Let b(y) = 9*y**2 - 93*y**2 + 45*y**2 + 40*y**2 + 6 + 23*y. What is b(-23)?
6
Let d(p) = p**3 - 5*p**2 - 6*p + 2. Suppose s + 5*l - 21 = 8, 54 = 3*s + 4*l. Suppose 0 = 2*n - s + 2. What is d(n)?
2
Let g(m) = m**3 + 7*m**2 + 5*m + 6. Let u = -1 - -8. Let b(f) = -5*f + 8. Let d(i) = -9*i + 16. Let q(c) = -5*b(c) + 3*d(c). Let y be q(u). Give g(y).
12
Let l(w) be the third derivative of 0*w + 9*w**2 + 0 + 1/60*w**5 + 1/8*w**4 + w**3. Calculate l(-6).
24
Let s(l) = -l**2 + 7*l. Suppose -3795 = -38*i + 575. Suppose 107*c + 40 = i*c. Calculate s(c).
10
Suppose 5*g + 4*g - 12*g = 0. Let t be 2 - 2 - -1 - (g + -1). Let j(w) = w + 2*w - 2 + 7*w**t - 3 + 7. Determine j(-2).
24
Let d = 133 - -85. Let f(g) = -220 - 2*g + 2*g**2 + d + g. Calculate f(-1).
1
Let i(s) = 4*s**3 + 20*s**2 - 3*s + 20. Let r(u) = 37*u**3 + 185*u**2 - 28*u + 183. Let y(j) = 19*i(j) - 2*r(j). Calculate y(-5).
19
Let j(z) be the first derivative of z**4/12 - z**3/3 + 29*z**2/2 - 2*z - 44. Let g(k) be the second derivative of j(k). Give g(5).
8
Let x(g) = 13*g - 2. Let a(c) = 8*c - 1. Let r = -355 - -347. Let w(b) = r*a(b) + 5*x(b). Calculate w(0).
-2
Let n(t) = -7*t - 33. Suppose 2*j - 2*w - 3*w = 12, -4*j = -2*w - 56. Let y(c) = -48 + c + j - 7*c. Let p(q) = -5*n(q) + 6*y(q). Calculate p(0).
-27
Let f(d) = -342*d + 0 - 18 + 177*d + 161*d. Determine f(-2).
-10
Let t(b) = -b**3 + 8*b**2 - 4*b + 9. Let x(o) = 32*o - 152. Let c be x(28). Let q = 750 - c. What is t(q)?
57
Suppose 14 = 2*t + l - 2*l, -t = l - 13. Let w = -92 - -95. Let z(a) = -6*a + 6*a**3 + 2 - 7*a**3 + 7*a**2 - a + 1 + w*a**2. Calculate z(t).
21
Let h be (26 - 4)*15/(-10). Let u be 11/h - -2*(-7)/(-6). Let d be ((-14)/4 + 3)*u. Let k(i) = -2*i**3 - i**2. Determine k(d).
1
Suppose 2*b = 9 - 1. Suppose 6 = -15*s + 17*s. Let v(c) = 4*c**3 + 0*c**2 - 3*c - 3*c**s + 299 - 303 - 2*c**2. Give v(b).
16
Let k(n) = n**3 - 4*n**2 - 6*n + 8. Let x = 9845 + -9838. Determine k(x).
113
Let t(n) = n**3 + 5*n**2 - 2*n - 6. Let l be (0 + (0 - 0))*(-15)/30. Suppose 4*s - 9 = -2*m + 1, l = -s + 5. Give t(m).
4
Let c(o) = 2*o - 49. Suppose -56 = -4*g + 4*t, g + 4*t + 8 = 32. What is c(g)?
-17
Let p(n) = 1 - 10 - 54*n + 14 + 1 - 5. Give p(1).
-53
Let k(u) be the first derivative of -2*u - 1/4*u**4 - 5 + u**3 + 3/2*u**2. Calculate k(5).
-37
Let u(o) = o**3 - 109*o**2 - 3*o + 308. Let x be u(109). Let r(f) = -2*f - 23. Determine r(x).
15
Let b be (-8)/(-1)*-1 - 2/(-2). Let k(m) be the third derivative of -2/3*m**3 + 9*m**2 + 0*m + 0*m**4 - 1/120*m**6 - 7/60*m**5 + 0. What is k(b)?
-4
Let d = -2 + 3. Let u be (1 - 2) + d + 6. Let o(a) be the first derivative of -a**2/2 + 5*a + 4777. Give o(u).
-1
Let y(w) = -3*w**3 + 2*w**2 - 2*w + 2. Let m = 7962 - 7960. Give y(m).
-18
Suppose 34*l - 3*l = 6*l - 225. Let w(f) be the second derivative of -1/6*f**3 + 0 - 9/2*f**2 + 2*f. Calculate w(l).
0
Let t(i) = 3*i**3 - i**2 - 25*i - 25. Let h(c) = -2*c**3 + 14*c + 13. Let d(b) = -5*h(b) - 3*t(b). What is d(-4)?
-26
Suppose 27*u = -80 + 107. Let g be 6/15*(-2 - -7). Suppose 3 - u = g*t. Let a(x) = 12*x**2 + x. Give a(t).
13
Let w(p) = -139*p - 657. Let x(o) = -9*o - 11. Let k(j) = -w(j) + 4*x(j). Determine k(-6).
-5
Let a(c) = -33*c**2 + 3*c - 1. Suppose j - 4 = -20*x + 19*x, 12 = 4*x. Calculate a(j).
-31
Let l = 11842 + -11834. Let b(o) = 2*o**3 - 16*o**2 - 10*o + 18. What is b(l)?
-62
Let b(g) = -5*g**2 + 51*g - 15. Let r be b(10). Let q(z) = 2*z - 7 + 12*z - 13*z. Give q(r).
-12
Let r be 872/(-62) + 546 + -532 - 1393/31. Let d(p) = 2*p**3 + 92*p**2 + 89*p - 37. Calculate d(r).
8
Let l(d) be the first derivative of -d**2/2 + 14*d + 584. What is l(6)?
8
Let n(s) = -7*s - 32. Let y(t) = t - 1. Let u(c) = -n(c) + 4*y(c). Let a be u(-7). Let o be 7/a - 96/14. Let f(v) = -v**2 - 6*v + 5. Give f(o).
-2
Let c(d) = d**3 - 4*d**2 + 12*d - 11. Let y(h) = h**3 - 4*h**2 + 13*h - 12. Let w(a) = 5*c(a) - 4*y(a). Let t be w(2). Let q(p) = 8*p**3 + 2*p - 1. Give q(t).
9
Let w(d) = d**2 - 7*d - 5. Let o be w(8). Let l be 0/1 - (5 - o). Let a(x) = 2 - 4*x**2 + 3*x**2 + 0*x**2 - 95*x + 0 + 94*x. Calculate a(l).
0
Let a(y) be the second derivative of -1/6*y**4 + 18 - 1/20*y**5 - 1/3*y**3 + 3*y + 1/2*y**2. Give a(-3).
16
Let p(g) = -g**2 + 13*g**3 + 5 + 10*g**3 + 7*g + 12*g**3 - 36*g**3. Let n be p(-2). Let m(s) = 2*s**2 + 7 - 6*s**2 - 2*s - s**2 - s**3. What is m(n)?
17
Let r = 7 + 8. Suppose 2*x - x = -5, 3*z = -3*x - r. Let t(a) = -6 + 5 + 0*a + 4*a**2 + z*a. Calculate t(-2).
15
Let p(l) = 4*l**2 - 26164 + 52323 - 26152 - 3*l. Determine p(2).
17
Let l = 28 - 24. Let f = -2 + l. Suppose -4*z = -4, -2*j - f*z = j - 17. Let d(o) = o**2 - 8*o + 6. Determine d(j).
-9
Let l(x) = x**3 - 221 + 7*x**2 + 429 - 215. Suppose 4*g - 2*f + 32 = 0, g - 3*g - 4*f = 6. Give l(g).
-7
Let f(a) = 2*a - 23. Let s = 2211 - 2219. Calculate f(s).
-39
Let r(a) = 1 + 4*a**2 - a**3 - 3*a**2 - 5*a**2 + 2*a. Let p be (1 - 12/14) + 27/7. Suppose -61*s + p = -63*s. Calculate r(s).
-11
Let u = 5664 - 5657. Let q(i) = -i**3 + 10*i**2 - 17*i + 1. Give q(u).
29
Let g(l) = l**2 + 184*l + 715. Let m be g(-4). Let z(w) = w**3 + 3*w**2 - 26*w - 91. Determine z(m).
-11
Suppose 4*h = -3*q - 16 + 4, -q = -h - 10. Let i(u) = -4*u - 10. Let j(g) = 7*g + 19. Let d(m) = 5*i(m) + 3*j(m). Calculate d(h).
1
Let i(c) be the first derivative of c**3/3 - 3*c**2 + 52*c - 4. Let f(w) be the first derivative of i(w). Let d = 3 - -2. Determine f(d).
4
Let u = 12579 - 12579. Let p(w) = -2*w + 71. Let z(v) = -v + 36. Let o(d) = -2*p(d) + 5*z(d). Give o(u).
38
Let g(o) = -4*o - 40. Let d be ((-26)/(-4 + 17))/((-6)/(-24)). Give g(d).
-8
Let m(n) = -n**3 - 21*n**2 - 3*n - 49. Let o be m(-21). Let u(w) = -2*w**2 + 30*w - 23. Let p be u(o). Let t(g) = -g**3 + 5*g**2 + 2*g - 4. What is t(p)?
6
Let q(y) = -101596 + 101604 + 19*y + 2*y**2 + 9*y**3 - 10*y**3. Calculate q(6).
-22
S